ndreds digit of x?
6
Suppose 2*i - 1868 = -l, -5*i + 6184 = -5*l + 1529. What is the tens digit of i?
3
Let g(x) = -8*x**3 - x**3 - x + 10*x**3 + 3. Let m be g(0). Suppose m*d - 74 = -2. What is the units digit of d?
4
Let m(c) = -2*c**3 - 3*c**2. Let q be m(-2). Suppose q*s + 0*s = -v - 58, 2*s + 5*v + 20 = 0. Let u = s + 36. What is the units digit of u?
1
Suppose -4*j - 4*x = 972, -3*j + 4*j + 2*x + 240 = 0. Let o = -133 - j. What is the tens digit of o?
1
Suppose 4*m = m - 6, -5*n + m + 9732 = 0. What is the thousands digit of n?
1
Let o(p) = p**3 + 8*p**2 + 9*p + 10. Let l be ((-1)/(-1))/((-6)/42). Let v be o(l). Let d(c) = c**2 - 6*c - 4. What is the units digit of d(v)?
6
Suppose -11*n = -13*n. Suppose k = -n*k. Suppose k = -3*j - 2*j - 5*q + 35, 3*j + q = 15. What is the units digit of j?
4
Let y be (-3)/12 + (-15)/4. Let m = -3 - -4. What is the units digit of m/y - (-150)/24?
6
Suppose 7*n - 4 = 6*n. Let b(j) = j**2 - j + 3. Let f(x) = -x**2 + x - 4. Let u(v) = 6*b(v) + 5*f(v). What is the tens digit of u(n)?
1
Let f(l) = 22*l**3 - 7*l**2 + 65*l - 379. What is the units digit of f(6)?
1
Let n(i) = -2*i - 1. Let f be n(-8). Suppose -f = -4*v - 3. Suppose 5*y = v*l - 75, l + 2*y = 4*l - 84. What is the tens digit of l?
3
Let z(n) = 2*n + 3 + n**2 - 4 + 2 - 2. Let d(u) = u**2 + 8*u + 6. Let k be d(-6). What is the tens digit of z(k)?
2
Let a be -2*((-3)/(-2) - 3). Let h(f) = -a - 3 - 8 + 7*f. What is the units digit of h(6)?
8
Let n(i) = 3*i**2 + 14*i - 7. Let m(r) = 0*r - 29*r - 6*r**2 + 13 - r**2. Let j(s) = -2*m(s) - 5*n(s). What is the tens digit of j(-9)?
3
What is the units digit of 39*(-17)/(-3)*2?
2
Suppose -5*s = 4*k - 3*s - 12, -s = -5*k + 22. Suppose 0 = -o - k*o. Suppose 0*i - 3*i = 15, 5*a + 4*i - 90 = o. What is the tens digit of a?
2
Suppose -5*y + n = -n - 87, 0 = 5*y + 5*n - 80. Suppose -y*a - 46 = -18*a. What is the tens digit of a?
4
Let y(r) = 4*r**2 + 12*r - 15. Let t be y(-12). Suppose -t - 203 = -5*w. What is the hundreds digit of w?
1
Let r be 4/6*-3 + 12. Suppose -4*c - 3*o - 1 = -r, -5*c + 20 = -5*o. Suppose 4*l - c*l - 46 = 0. What is the tens digit of l?
4
Let c(r) = -17*r - 4. Let o be c(9). Let v = o - -225. What is the units digit of v?
8
Let t be 0 + 0 + (22 - 1). Let r = -30 + t. Let l = r - -13. What is the units digit of l?
4
Suppose a + 259 = -5*z + 4*a, -3*a = 3*z + 141. Let o = z + 154. What is the tens digit of o?
0
Suppose 5*l + 3*v - 10 = 0, 6*l - 4 = 4*l - 3*v. Suppose -387 = -j - l*j. What is the hundreds digit of j?
1
Let v(q) = 11*q + 4. Let j be v(3). Suppose 4*s - j = -f + 82, -f + 3*s + 112 = 0. What is the hundreds digit of f?
1
Let m(t) = -t**2 + 9*t + 5. Let y be m(-4). What is the tens digit of y/(3/(-2) + 1/2)?
4
Let v(t) = t**3 - 14*t**2 - 12*t - 36. What is the units digit of v(15)?
9
Suppose -79 = -5*r + 11. What is the units digit of r*3*1 - 1?
3
Let h = 98 - 87. What is the tens digit of h?
1
Let c = -135 + 197. What is the tens digit of c?
6
What is the tens digit of 3/(42/3857)*2?
5
Let r be 2/(-4) - (-108)/8. Let c = -83 - -72. Let b = r - c. What is the units digit of b?
4
Suppose -6*o - 7666 + 23338 = 0. What is the tens digit of o?
1
Suppose 2*o = 1 + 3. Suppose 4*n - o*n - 10 = 0. Let m = 16 - n. What is the tens digit of m?
1
Suppose r - 480 = -5*y, 8*r - 384 = -4*y + 3*r. Suppose y = -2*d + 5*d. What is the tens digit of d?
3
Let i(d) = -4*d**3 + d**2 + 2. Let m(l) = l - 6. Let a be m(8). Let s be i(a). Let g = 22 - s. What is the units digit of g?
8
Let w = 5 + 5. Suppose 0*h = -h + w. What is the units digit of h?
0
Let w(k) = -45 + 2*k**2 - 4*k + 54 - 53. What is the units digit of w(13)?
2
Suppose z = -2 - 2. Let u be 14/z - (-1)/(-2). Let a = 9 - u. What is the units digit of a?
3
Let g be 2 + 0 + -1*4. What is the hundreds digit of g - ((-48)/(-84) + (-1131)/7)?
1
Let p = 12 + -28. Let h = 6 + p. What is the units digit of (-2)/((6/h)/3)?
0
Suppose 5*r - 148 - 912 = 0. Suppose -3*i - 2*k = 2*k - r, -5*k = -3*i + 194. What is the units digit of i?
8
Suppose 4*w = 0, 3*w = q - 3 + 2. Let x(t) = -67*t**3 + t**2. Let u be x(q). Let r = 100 + u. What is the units digit of r?
4
Let b(l) = 93*l - 3. Suppose 0 = -z + r, 5*z = 2*r + 3 - 0. What is the units digit of b(z)?
0
Let b be (212/(-22))/(-2) + (-14)/(-77). Suppose t - 2*u - 116 = 0, 4*t + u + 112 = b*t. What is the hundreds digit of t?
1
Let w(r) = 4*r**2 + 89*r - 109. What is the tens digit of w(-41)?
6
Let m = 4757 - 1148. What is the thousands digit of m?
3
What is the tens digit of 1/(((-18)/(-26757))/(6/9))?
9
Let v(z) = z - 3. Let w be v(7). Suppose w*f - 57 = 23. Suppose 5*u - 3*u = f. What is the tens digit of u?
1
Let s(f) = f**3 - 33*f**2 - 35*f + 264. What is the units digit of s(35)?
9
Let a be ((6/7)/1)/(54/1890). Suppose -a = -4*f + 330. What is the tens digit of f?
9
Suppose k + 4*x = 27, -3*k - x = -15 - 11. Suppose 2*n = -n + 2*m - 15, 3*m = -5*n - 6. Let b = k + n. What is the units digit of b?
4
Suppose -d = -3 + 2. Suppose y + d + 4 = 0. Let j(l) = l**3 + 6*l**2 + 3*l - 1. What is the units digit of j(y)?
9
Suppose q - 192 = 7*q. Let c(x) = -x**3 - 31*x**2 + 25*x + 51. What is the units digit of c(q)?
5
Suppose 45*j + 385 = 56*j. What is the tens digit of j?
3
Let k(m) = 85*m**3 + 3*m**2 - 2*m. Let q be k(1). Suppose -84 + q = a. What is the units digit of a?
2
Suppose 4*o = 8, -5*w = 5*o - 746 - 29. Suppose 8*n = 5*n + w. What is the units digit of n?
1
Let s(j) be the first derivative of j**4/4 - 3*j**3 + j**2/2 - 7*j - 1. Suppose -5*b + 40 = 5*k, 5*k + 7*b - 5*b - 43 = 0. What is the units digit of s(k)?
2
Let x(z) be the first derivative of 11*z**2/2 - 25*z + 55. What is the units digit of x(13)?
8
Let i be 1046/5 + 48/60. Suppose v = -4*p + i, -104 - 519 = -3*v - 5*p. What is the tens digit of v?
0
Let b(u) = u**2 + 55*u - 48. What is the tens digit of b(38)?
8
What is the units digit of 6/(-54) - (-36140)/45?
3
Let x(y) be the third derivative of y**7/2520 + y**6/144 + y**5/20 + y**4/8 - y**2. Let i(l) be the second derivative of x(l). What is the units digit of i(-6)?
2
Let u = 958 + -542. Suppose -2*x = -5*h + 7*h - u, 4*h = -2*x + 424. What is the tens digit of x?
0
Let s(g) = -g + 1. Let o be s(3). Let x be (7 - 3) + 0/o. Suppose c - 2 = 1, 2*b - 2*c - x = 0. What is the units digit of b?
5
Suppose 3*i + 2*i + 25 = 0, -h - 5 = i. Suppose h = -0*q - 2*q + 2. What is the units digit of -4*2*q/(-4)?
2
Let f = -54 + 18. Let y be (-592)/(-9) - 8/f. Let h = -47 + y. What is the units digit of h?
9
Let p = -42 + 44. Suppose -j + 230 = l, 5*j - p*l - 1150 = -3*l. What is the tens digit of j?
3
Let j be (-17)/(7/2 + (-8)/2). Suppose 5*a = -j + 524. What is the units digit of a?
8
Suppose 0 = v + q + 4, -2*v - v + 20 = -5*q. Suppose -5*x + 313 = 3*a, 5*x = -v*a - a + 91. What is the units digit of a?
1
Let y = -4332 - -8001. What is the thousands digit of y?
3
Let o = 1061 + -566. Suppose -3*z + 4*m + 304 - 8 = 0, 5*z - 5*m = o. What is the tens digit of z?
0
Suppose 3*d + d + 43 = -5*s, -3*d + s = 37. What is the units digit of (-18)/4*24/d?
9
Let o(a) = -2*a - 20. Let w be o(-11). Suppose -3*h + 100 = 4*t, -h = -0*t - w*t + 40. What is the tens digit of t?
2
Let i = 26 + 235. Suppose -3*c + 141 = -i. What is the hundreds digit of c?
1
Let s(l) = -38*l - 59. Let p(i) = -19*i - 30. Let x(n) = -5*p(n) + 3*s(n). What is the units digit of x(-15)?
8
Suppose 8543 = 2*y - 11*p + 12*p, -2*y + 5*p = -8537. What is the thousands digit of y?
4
Suppose 5*h = -5*p + 5850, -9*p + 13*p + 5*h = 4684. What is the thousands digit of p?
1
Let i(w) = w**2 + 6*w + 8. Let k be i(-6). Let j(c) = -c + 1. Let g be j(-3). Let v = k - g. What is the units digit of v?
4
Let h = 831 + -312. What is the hundreds digit of h?
5
Suppose 5*c - 2319 = 1456. What is the units digit of c?
5
Let b = 18 + -15. Suppose b*i - 105 = -2*i. What is the units digit of i?
1
Let s(j) = -j**3 - 5*j**2 + 7*j + 9. Let i be s(-6). Suppose b - i = 2. Suppose b*v - 140 = 5*d, 5*v - 5*d = 2*v + 84. What is the tens digit of v?
2
Let d(c) = 15 + 14 + c**2 + 2*c**2 + 4*c - 36. What is the tens digit of d(-4)?
2
Suppose -3*h - 6 = 0, -5*m = 22*h - 23*h - 757. What is the hundreds digit of m?
1
Let u(g) = g**3 + 37*g**2 - 57*g + 183. What is the 